 Let w = o - -10. Suppose -3*z + 5*z - 32 = 5*x, w*x = 5*z - 50. What is the units digit of z?
6
Let q(g) = -3*g + 23 - 25*g - g. What is the hundreds digit of q(-7)?
2
Let b be -1 - (-34)/10 - (-12)/(-30). Suppose 2*j = -b*s + 42, j - 11 = -s + 5*j. What is the tens digit of s?
1
Let i(f) = 2*f**2 + 4*f - 2. Let n be i(4). Suppose -2*c + 68 = -n. Let x = c + -30. What is the tens digit of x?
2
Let j(u) = 9*u**2 - 9*u + 146. What is the units digit of j(8)?
0
Suppose -4*a - 2*s = -6*a - 2, 0 = 3*a + 2*s - 17. Let u be 63/(-6)*(-336)/18. Suppose 64 = -a*x + u. What is the units digit of x?
4
Suppose 140*i - 159401 = 20079. What is the units digit of i?
2
Let y be 1 - (-4)/(2 - 6). Suppose 0 = -5*t - 5, y*t + 10 = 2*g - 4*t. Suppose 0 = g*u + 4*a - 22, -3*a - 43 = -u - u. What is the units digit of u?
4
Let v = -266 - -3124. What is the hundreds digit of v?
8
Suppose 2*n - n + 3*z - 70 = 0, 4*n = -5*z + 315. Let f = -41 + n. What is the units digit of f?
4
Let i = 69 + 383. Suppose -2*n = 4*a - i, 386 = 5*n - 5*a - 729. What is the tens digit of n?
2
Suppose 4*j + 5*b - 8509 = 10986, -3*j + 14601 = -3*b. What is the units digit of j?
0
Let u(d) = 10*d**2 - 2*d + 1. Let s be u(1). Let v(w) = w + 4. Let y be v(0). Suppose -s*k = -y*k - 135. What is the units digit of k?
7
Let j(v) = 68*v**2 + 2. Suppose -9*o = 8 - 26. What is the tens digit of j(o)?
7
Suppose -11*v = -46271 + 13568. What is the tens digit of v?
7
Suppose -35 - 73 = -3*y. Suppose b - 5*z = -119, 529 - y = -4*b + 3*z. What is the units digit of b*4/(-8) - 3?
9
Let v(t) = -t + 3. Let c(b) = -b**2 + 5*b - 3. Let x be c(4). Let f be v(x). Suppose -2*i = f*i - 64. What is the units digit of i?
6
Let h(u) = -u + 151. Let z be h(0). Suppose -j - 10 = -w + 69, 3 = 3*j. Let k = z - w. What is the tens digit of k?
7
Suppose -9 + 1 = -4*b. Suppose -t = 3*y + 14, -18 = b*t - t + 4*y. What is the tens digit of (-87)/(-6)*(-4)/t?
2
Let b = -3478 - -5860. What is the units digit of b?
2
Let t(r) = 4 - r**2 - 3 + 4 + 3*r**3 - r - 4. Let a be t(1). Suppose 0*i - 17 = -a*p - i, -3*p = -4*i - 20. What is the units digit of p?
8
Suppose 3 - 15 = -4*n. Let c(r) = 3*r**3 - n*r**3 - r**3 - 8*r**2 + 7*r + 11 - 21. What is the units digit of c(-9)?
8
Suppose 1432 = 19*z - 6016. What is the hundreds digit of z?
3
Let r(s) = 28*s**3 + 2*s**2 + s. Let i be r(2). Let j = 159 - i. Let y = 139 + j. What is the units digit of y?
4
Let i = 846 + 697. What is the thousands digit of i?
1
Let w(x) = -x**3 - 11*x**2 + 11*x + 9. Suppose -2*y = -7 + 3. Suppose y*k + 24 = -0*k. What is the tens digit of w(k)?
2
Suppose 0 = -3*l + 45 - 1008. Let n = l + 577. What is the hundreds digit of n?
2
Let j = 475 - -7. Suppose -2*z + 5*m + 122 = -130, -4*z = m - j. What is the tens digit of z?
2
Suppose -10*h = -17 - 13. Suppose -h*c + 7 = -86. What is the tens digit of c?
3
Let h be -4 + (2 - 1 - 2)*0. What is the tens digit of -9 - -11 - 17*h?
7
Let g be (2/(-8) + 0)*-1*8. What is the hundreds digit of 1*(288/2 + g)?
1
Let k(d) = -2*d + 2. Let v be k(4). Let b be (-3)/v - 9/(-6). Suppose 10 = -b*z, -194 = -3*x + 2*z + 8. What is the tens digit of x?
6
Suppose -u + 5*u - w = 86, 14 = u - 4*w. What is the tens digit of u?
2
Let l = -34 + 36. Suppose 2*b = 4*d + 50, 0 = 5*b - l*d + 40 - 157. What is the units digit of b?
3
Suppose 6*f - 92 = 784. What is the tens digit of f?
4
Let o be ((-4)/(-6))/(6/18). Let u be (-21)/3*-1 - o. Suppose -4*m + 75 = u*y + m, 0 = -4*m - 20. What is the units digit of y?
0
Suppose 0*t - 96 = -3*t. Suppose 7*m - t = 5*m. What is the units digit of m?
6
Let u be 1/(8/(-42)*(-3)/(-12)). Let q = 3 - u. What is the units digit of q?
4
Let o(u) = -u**3 - u**2 + 7*u + 1. Suppose 3*q + 16 = -q. Let t be o(q). Suppose -4*l - 76 = -4*b, 2*b + 5*l - 17 = t. What is the units digit of b?
9
Let x(s) = -s**2 + 6*s + 3. Let u be x(6). Suppose l = -u*l. Suppose l*c + 15 = 3*c. What is the units digit of c?
5
What is the tens digit of (-2 + (1 - -6))*20008/40?
0
Suppose -p = -4*d + 37, -4*p = d - 0*p - 22. Suppose -u + 2 = -g, 6*g - g + d = 4*u. Suppose u = 5*t - 54 - 176. What is the tens digit of t?
4
Let x = 507 - 46. What is the units digit of x?
1
Suppose -1610 = -29*t + 24*t + 2*b, -4*t + 1301 = b. What is the tens digit of t?
2
Let s(i) = i**3 + 16*i**2 - 16*i + 14. Let n be s(-17). What is the tens digit of (5/(-25))/(n*4/2820)?
4
Suppose 18*b + 0*b = -162. What is the units digit of (-1401)/(-9) + (-3)/b?
6
Suppose -3000 = 27*y - 37*y. What is the tens digit of y?
0
Suppose 4*p = c + 17, p - 20 = -3*p. Let n(j) = j**2 - 3*j. Let x be n(c). Suppose x = a - 11 - 2. What is the tens digit of a?
1
Suppose 219 = 4*d - 5*q, 2*d + q = 4*q + 111. Let i = -5 + d. What is the tens digit of i?
4
Let b = 15 - 12. Suppose z - b*z - 30 = 0. What is the units digit of 2/z - (-2416)/120?
0
Let n = -37 + 83. Let d = n + 5. What is the tens digit of d?
5
What is the units digit of (-14228)/6*(7 + (-170)/20)?
7
Let f(y) = 10*y**3 + 2*y**2 + 8*y - 23. What is the units digit of f(3)?
9
Suppose -3*r + 4*s + 9 = -4*r, 48 = 3*r - 3*s. Suppose -r = -x + 4. Suppose -x = 6*h - 9*h. What is the units digit of h?
5
Suppose -18*t = -15*t - 432. Suppose 8*r + t = 9*r. What is the tens digit of r?
4
Let k(d) = d**2 + 4*d - 8. What is the tens digit of k(-10)?
5
Let o(q) = -4*q + 9 + 10*q**2 - 5 - q. What is the units digit of o(2)?
4
Suppose 10*c - 18*c = -7944. What is the hundreds digit of c?
9
Suppose 2*h + m - 5323 = 0, 11*m - 16*m = 3*h - 7988. What is the thousands digit of h?
2
Let v(t) = t**3 + 12*t**2 - 2*t + 35. What is the units digit of v(-8)?
7
Let m = 6 - 5. What is the units digit of (2/m*(-2 - 83))/(-2)?
5
What is the hundreds digit of (-96)/(-9)*(-14)/((-168)/3114)?
7
Let m = -27 - -27. Suppose 5*q - 2*q + 246 = 3*c, -c + 5*q + 86 = m. What is the tens digit of -2*(4 - c/2)?
7
Let b = 210 - 84. Suppose -b = 4*s - 6*s. What is the units digit of s?
3
Let v(n) = n**3 + 3*n**2 - n - 4. Let s be v(-3). Let q be s/((-375)/(-378) + -1). Suppose -3*a = a + 2*b - q, -3*b = 4*a - 127. What is the tens digit of a?
3
Suppose -91*q - 21206 = -137*q. What is the tens digit of q?
6
Let r be 4*-6*(-16)/12 - 4. What is the units digit of (-2 - -261)*8/r?
4
Let v be (3/(-3) - -1)/2. Suppose 7*d - 3*d - 264 = v. What is the units digit of d?
6
Suppose 3*b - 4*b = -8*b. Suppose 4*g - 3*i - 17 + 4 = b, 0 = 2*g + 2*i - 10. What is the units digit of g?
4
Suppose -7*c + 60 - 340 = 0. Let p be 63 - (-1 - -1)/2. Let l = p + c. What is the units digit of l?
3
Let j be (-11 - -12)/(1/172*2). Let b = j + -68. What is the units digit of b?
8
Let d be 0/(-5) - (-1 + 12). Let m(y) = -y**2 - 11*y + 2*y - 4*y. What is the units digit of m(d)?
2
What is the hundreds digit of 12278/12 + 4/(-24)?
0
Let m be 3/(3 - (-510)/(-175)). What is the tens digit of (m + 0)*(-6)/(-15)?
1
Let o = 351 + 3. Suppose -4*i = -590 - o. Suppose -i = -3*r - r. What is the units digit of r?
9
Suppose 11*k + 3111 = 14*k. Suppose -k + 162 = -7*h. What is the units digit of h?
5
Let b be 0*(3 + (-10)/3). Suppose b*n = -7*n + 28. What is the units digit of (n - 2)/(6/21)?
7
Suppose 9 - 1 = -2*z + 4*c, 3*z = -4*c + 18. Suppose z*i - 152 - 150 = 0. What is the hundreds digit of i?
1
Let s = -957 - -2337. What is the thousands digit of s?
1
Let f(v) = 9 - 2*v - 2*v - 2 + 11. What is the tens digit of f(-5)?
3
Suppose 35 = -5*x - 5*n, -9 = 2*x + 5*n + 11. Let v(p) = p + 6. What is the units digit of v(x)?
1
Let p be (-3)/6 - (-2)/4. Suppose p = -4*f - 13 - 23. What is the tens digit of (2 + (3 - f))*2?
2
Let b be (7 - 7)/(2 + 0). Let x(v) = 21*v + 11 - 22*v + 47. What is the tens digit of x(b)?
5
Suppose 4*a - 1620 = -5*a. Suppose -40*b + 36*b = -a. What is the tens digit of b?
4
Let w = 49 + 172. What is the units digit of w?
1
Let b = -533 + 347. Let g = -82 - b. What is the hundreds digit of g?
1
Suppose 2 = 6*s - 8*s, -h - s + 2695 = 0. What is the thousands digit of h?
2
Let w(i) be the second derivative of -3*i**2 + 1/2*i**4 - 7*i + 4/3*i**3 - 1/20*i**5 + 0. What is the units digit of w(6)?
2
What is the tens digit of 59*7/(-28)*-4?
5
Let o(i) = i**3 - 4*i**2 + 4. Let k be o(4). Let d be (-4)/(-6) - k/6. Suppose -4*x + 174 - 30 = d. What is the units digit of x?
6
Suppose -